(-53)/(-4 + 3)?
5
Let i = -3405 + 7110. What is the units digit of i?
5
Suppose 2*y = t + 3*t, -4*y = t + 27. What is the units digit of 380/y*3/(-2)?
5
Let i(x) = 3*x**2 - x + 5. Let b be i(-2). Let q(w) = 2*w**2 - 29*w - 16. What is the hundreds digit of q(b)?
1
Suppose 43983 - 13923 = 9*y. What is the tens digit of y?
4
Let h = -35452 - -25102. What is the units digit of ((-4)/6 - 0)/(50/h)?
8
Let z(u) = -u**2 + 6*u - 1. Let w be z(6). Let q(r) = 74*r**2 - r - 1. What is the tens digit of q(w)?
7
Let y(r) = -1. Let d(u) = -81*u - 111. Let l(n) = -5*n - 7. Let p(i) = -2*d(i) + 33*l(i). Let g(b) = p(b) - 3*y(b). What is the units digit of g(-17)?
5
Suppose 0*o - 5*o - 48 = -3*q, -o + 48 = 3*q. Suppose 5*t + q = t. What is the units digit of (-5 + 3)*2/t?
1
Let r = 980 - 650. What is the hundreds digit of r?
3
Let t(k) = -k**2 + 17*k + 8. Let j be t(10). Let o = j + -33. What is the units digit of o?
5
Let i = 1014 - 629. What is the units digit of i?
5
Let c = 1352 - 136. What is the tens digit of c?
1
Let w = -296 + 475. Suppose u - 65 = 2*q - 3*q, -3*u + q + w = 0. What is the tens digit of u?
6
Let b be (2 - (-324)/(-8))*-2. Suppose -308 + b = -n. What is the hundreds digit of n?
2
Suppose 2*x = -4*s + 302 + 2408, 0 = 5*s - 25. What is the thousands digit of x?
1
Let b be (1 - 2)/(15/(-285)). Let k(z) = -1 + 14*z**2 + z - b*z**2 + 6*z**2. What is the units digit of k(3)?
1
Suppose 0 = -17*t + 15*t + 152. Suppose 3*k + t = -2*k + 4*r, k = -2*r - 4. What is the units digit of 3/12 - 33/k?
3
Let h = -73 - -85. What is the units digit of (-146)/8*(h/6 - 6)?
3
Let r(n) = 49*n**2 - n - 13 - n**3 - 13*n - 61*n**2 - 3*n. What is the units digit of r(-11)?
3
Suppose -3*c + 4*w + 1512 = 380, -4*c = w - 1522. What is the units digit of c?
0
Suppose 30*n = 27*n - 45. Suppose -y - 30 = 4*c, 4*c + 3*y + y = -24. Let s = c - n. What is the units digit of s?
7
Let f(w) = 872*w**2 + 47*w + 48. What is the units digit of f(-1)?
3
Suppose -184 = -5*w - 19. Let o be (-5 + -2)*(5 + -4). Let f = o + w. What is the units digit of f?
6
Let q = -732 + 1268. What is the tens digit of q?
3
Let w = -56 - -150. Suppose -18 = -7*l + w. What is the tens digit of l?
1
Let q be ((-2)/(-1) - -1) + 1 - -470. Suppose 0 = -11*a + 8*a + q. What is the hundreds digit of a?
1
Let r = 23 - 17. What is the tens digit of -1 + r/2 - -12?
1
Suppose -p - 12*p + 9035 = 0. What is the units digit of p?
5
Let y be 8/(-5)*425/(-34). Let j be 83/9 - (-4)/(-18). Let a = y - j. What is the tens digit of a?
1
Let l(m) = -m**3 + 5*m**2 + 9*m - 7. Let f be l(6). Suppose f*j + 164 = 13*j. What is the units digit of j?
2
Let a(m) = 3*m**3 + 29*m**2 - 22*m - 28. What is the tens digit of a(-8)?
6
Suppose 43 = 2*s + 51. What is the units digit of -3 - -33*(-3 - s)?
0
Let h = 1 - -9. What is the tens digit of 4152/30 - 4/h?
3
Let x(d) = d**2 - d. Let b(n) = -2*n**2 + 5*n + 83. Let p(s) = b(s) + 3*x(s). What is the units digit of p(0)?
3
Let a be 1*3235/20 + (-6)/8. Let p = 272 - a. What is the tens digit of p?
1
Let f = 54 - 54. What is the units digit of (-3 - (f - 2))*-118?
8
Let j = 17 - 15. Suppose -5*t = -j*b + 110, 2*b = t + 11 + 3. Let u = -12 - t. What is the units digit of u?
2
Suppose 5*w + 2*o - 5235 = 0, -1020 = 6*w - 7*w + 5*o. What is the tens digit of w?
4
What is the hundreds digit of 60882/24 - 5/(-4)?
5
Let q(r) = r**2 + 7*r - 13. Let g be q(-9). Suppose -52 - 158 = -g*t. What is the units digit of t?
2
Let h(w) = 4*w**2 - 10*w + 35. What is the units digit of h(10)?
5
What is the thousands digit of (14466/(-12))/1*-2?
2
Let k be 58/6 - (-6)/(-9). Suppose -2*x + 1 = -2*p - 11, -k = x + 4*p. Suppose -x*q + q = -6. What is the units digit of q?
3
Suppose 0 = 41*l - 12180 - 28123. What is the units digit of l?
3
Let v(q) = 33*q**2 + 121*q + 7. What is the thousands digit of v(7)?
2
Suppose -2*a + 8 = -4*w, a = -a - w + 13. Let q(c) = 5*c**2 - 4*c - 1. What is the hundreds digit of q(a)?
1
Let a = 73 + -75. What is the units digit of (-4 - (0 + -2))*4/a?
4
Suppose 13 = 2*z - 3. What is the units digit of 33 + (-2 - (4 - z))?
5
Let k = -15 + 29. Let x = 7 - k. Let r(m) = m**3 + 6*m**2 - 9*m - 10. What is the units digit of r(x)?
4
Suppose -5*m = -4*t - 77, m + 3*t = -1 + 5. Let v = -9 + m. What is the units digit of 16/12*6/v?
2
Let q(n) = n**2 - n + 14. Let o be q(5). Let l = o + -17. What is the tens digit of l?
1
Suppose -12*w + 195 = -11*w. Suppose 0*v = 4*u + v - w, -4*v - 53 = -u. What is the units digit of u?
9
Let y be ((-1020)/(-21))/(2/7). Let j = 254 - y. What is the tens digit of j?
8
Suppose 4*v - 22 = 6*v. Let g = v + 14. Suppose -3*a + 5*j + 16 = 0, 3*j + g = a - 5. What is the units digit of a?
2
Let j(f) = -69*f - 131. What is the tens digit of j(-3)?
7
Suppose 3*f + 5*q = 4830, -q = 3*f - 7*f + 6417. What is the tens digit of f?
0
Let b(g) = g**3 + 12*g**2 + 11*g - 1. Let p be b(-11). What is the units digit of -2 - (2445/(-24) - p/(-8))?
0
Let w(m) = 1 - 2*m - 2*m**2 + 0 + 3*m + 4*m. Let u be w(4). Let s = u + 17. What is the units digit of s?
6
Suppose 2581*q = 2593*q - 35160. What is the tens digit of q?
3
Suppose -5 = -v - 0*v. What is the units digit of 20/v - (-1 + -198)?
3
Suppose -s + 7 + 53 = 0. Suppose 10*h = 8*h - s. Let k = h + 68. What is the units digit of k?
8
Suppose -4*p = 5*r - 1001, -4*p + 1004 = 3*r + r. What is the tens digit of p?
5
Let l(i) be the second derivative of i**4/3 + i**3/3 + i**2/2 - 3*i. Let c be l(-1). Let s(b) = b**3 - b**2 - 5*b + 4. What is the units digit of s(c)?
7
Suppose -2*x - 156 = -996. What is the units digit of x?
0
Let t = -77 + 64. Let z(g) = -g**3 - 12*g**2 + 12*g - 9. What is the units digit of z(t)?
4
Let s(f) be the first derivative of 43*f**2/2 - 52*f - 17. What is the tens digit of s(6)?
0
Suppose 30217 + 73790 = 37*v. What is the hundreds digit of v?
8
Let g(y) = 223 - 248 + 56*y - 13*y. What is the units digit of g(6)?
3
Suppose 3*l = -0*l + 5*u + 1095, -3*u = 4*l - 1489. What is the tens digit of l?
7
Let o(a) = 263*a - 236. What is the hundreds digit of o(6)?
3
Let n be 4/(-12) - (-10)/(-6). What is the tens digit of (-7*11 + 3)*n?
4
Suppose 2*u - 5 = -1. Let k be u/(-8) - (-415)/(-20). What is the tens digit of (8/(-6))/(1/k)?
2
What is the tens digit of (1954/(-2))/((285/(-19))/15)?
7
Let x = -169 - -112. Let t = x + 107. What is the tens digit of t?
5
Let q(p) be the first derivative of -1/4*p**4 + 0*p**2 - 10/3*p**3 + 8*p - 5. What is the units digit of q(-10)?
8
Let u(z) = -2*z - 9. Let s be u(-8). Let x be (-2)/14 - (-36)/s. Suppose -39 - 16 = -x*t. What is the tens digit of t?
1
Suppose 57 = -2*h - h. Suppose -x + 432 = 8*x. Let j = h + x. What is the tens digit of j?
2
What is the units digit of 38/133 - (-5097)/21?
3
Let b be (-6)/(-4) + 903/14. Let y be 402/33 + (-12)/b. Suppose -2*n + 4*v = -68, -n = -3*v - y - 26. What is the units digit of n?
6
Let s = 37 + -36. What is the units digit of 125/s + -1 + 4?
8
Let s(u) = -177*u - 114. What is the tens digit of s(-8)?
0
Let d(q) = -q**3 + 4*q**2 + 4*q + 5. Let f be d(5). Let p(v) = -v**2 - v. Let k be p(f). Suppose k*i = -i + 17. What is the tens digit of i?
1
Let k(m) = 3*m - 13. Let i = -7 + 13. Let h be k(i). Suppose -4*l = 3*t - 169 + 66, -2*t - h*l = -64. What is the tens digit of t?
3
What is the units digit of 106750/420*12/2?
5
What is the units digit of (-192)/8*297/(-12)?
4
Suppose 0 = -0*w - 3*w + 6. Let c(t) = 3*t**2 + 2*t**2 - 2 - t**w + 0*t**2 + 8*t. What is the tens digit of c(-4)?
3
Let m(o) = -o**3 + 21*o**2 - 16*o - 30. What is the units digit of m(17)?
4
Suppose 13*w = 5*w + 1328. Suppose -29*a + w = -28*a. What is the hundreds digit of a?
1
Suppose 0 = z + 4, 2*z = -5*c + 3*z - 6. What is the units digit of ((-1)/c)/(1/2)?
1
Suppose p + h = 4, -2*p + 3*h = -3 - 5. Let n be 1 - p - 36/(-4). Suppose 2*k = 2 + n. What is the units digit of k?
4
Suppose -w - 17 + 151 = 0. Suppose -h = 3*u + h - w, -2*u + 92 = 2*h. What is the units digit of u?
2
Let a(k) = 8*k + 1. Let n(u) = -7*u - 2. Let f(d) = -5*a(d) - 4*n(d). Let p = 2 + -4. What is the tens digit of f(p)?
2
Let y(z) = -4*z**3 + 5*z**2 + 11*z + 7. Let s(q) = q**3 + q**2 - q. Let h(d) = -3*s(d) - y(d). Let j be -6*((-2)/4 + -1). What is the units digit of h(j)?
2
Let o be (-9)/